
What is the highest common divisor of 1647 and 427?
61
Calculate the greatest common factor of 240 and 36.
12
Calculate the highest common factor of 11 and 209.
11
Calculate the greatest common factor of 44856 and 24.
24
What is the greatest common factor of 1387 and 219?
73
Calculate the greatest common divisor of 777 and 4773.
111
What is the highest common factor of 80 and 140?
20
What is the highest common divisor of 56 and 35?
7
Calculate the highest common divisor of 1216 and 19.
19
What is the highest common factor of 1888 and 3540?
236
Calculate the greatest common factor of 228 and 171.
57
What is the highest common factor of 16 and 9008?
16
Calculate the highest common divisor of 7014 and 8517.
501
Calculate the greatest common divisor of 608 and 76.
76
Calculate the greatest common divisor of 468 and 72.
36
What is the greatest common divisor of 306 and 2601?
153
What is the highest common divisor of 486 and 18?
18
What is the highest common divisor of 52 and 4693?
13
Calculate the highest common divisor of 28 and 232.
4
Calculate the greatest common divisor of 42311 and 29.
29
What is the highest common divisor of 525 and 21?
21
Calculate the greatest common divisor of 22 and 374.
22
Calculate the highest common divisor of 294 and 12.
6
Calculate the highest common divisor of 139 and 14317.
139
What is the highest common factor of 52 and 4108?
52
What is the highest common factor of 164 and 11644?
164
What is the highest common divisor of 2336 and 438?
146
What is the highest common factor of 3763 and 71?
71
Calculate the greatest common divisor of 6 and 43278.
6
Calculate the greatest common divisor of 1408 and 132.
44
Calculate the highest common divisor of 31 and 403.
31
What is the highest common divisor of 10 and 2165?
5
What is the greatest common factor of 40 and 8380?
20
Calculate the highest common divisor of 153 and 357.
51
What is the greatest common factor of 6512 and 176?
176
Calculate the highest common factor of 32 and 1552.
16
Calculate the highest common factor of 11218 and 316.
158
Calculate the greatest common divisor of 302 and 453.
151
What is the greatest common divisor of 301 and 14?
7
Calculate the highest common divisor of 144 and 324.
36
Calculate the highest common factor of 588 and 105.
21
What is the greatest common divisor of 10 and 370?
10
Calculate the highest common factor of 8507 and 141.
47
Calculate the greatest common divisor of 27 and 153.
9
Calculate the highest common divisor of 6 and 78.
6
Calculate the highest common factor of 46 and 108.
2
Calculate the highest common factor of 128 and 4.
4
What is the greatest common divisor of 139 and 139?
139
What is the highest common divisor of 16 and 11744?
16
What is the greatest common divisor of 581 and 35?
7
What is the highest common factor of 95 and 5?
5
Calculate the highest common divisor of 145 and 3915.
145
What is the greatest common divisor of 1024 and 320?
64
What is the highest common divisor of 679 and 3589?
97
What is the highest common factor of 1200 and 75?
75
Calculate the greatest common divisor of 1586 and 26.
26
Calculate the greatest common divisor of 2178 and 264.
66
What is the highest common factor of 120 and 420?
60
What is the highest common divisor of 49 and 791?
7
What is the greatest common factor of 24 and 573?
3
What is the greatest common factor of 244 and 1647?
61
What is the greatest common divisor of 180 and 795?
15
What is the greatest common factor of 5 and 6?
1
Calculate the greatest common divisor of 12 and 1876.
4
What is the highest common divisor of 43 and 1376?
43
Calculate the greatest common divisor of 22 and 36333.
11
Calculate the greatest common divisor of 22 and 2222.
22
Calculate the greatest common factor of 112 and 88.
8
Calculate the greatest common divisor of 47 and 47.
47
Calculate the greatest common factor of 97 and 18915.
97
What is the greatest common factor of 405 and 5?
5
Calculate the greatest common factor of 138 and 9.
3
Calculate the greatest common divisor of 3945 and 15.
15
Calculate the greatest common divisor of 556 and 417.
139
What is the greatest common divisor of 21 and 18746?
7
What is the highest common factor of 374 and 15521?
187
Calculate the highest common factor of 150 and 705.
15
What is the highest common divisor of 60 and 12?
12
Calculate the highest common factor of 234 and 828.
18
Calculate the highest common divisor of 456 and 48.
24
What is the highest common divisor of 24 and 54?
6
What is the greatest common divisor of 184 and 4163?
23
Calculate the highest common factor of 26 and 572.
26
What is the greatest common factor of 322 and 21?
7
What is the greatest common factor of 74 and 962?
74
Calculate the greatest common divisor of 140 and 80.
20
What is the greatest common divisor of 7661 and 47?
47
What is the highest common factor of 1224 and 34?
34
Calculate the greatest common divisor of 32 and 2528.
32
Calculate the highest common factor of 144 and 16.
16
What is the greatest common divisor of 1292 and 119?
17
Calculate the greatest common factor of 13 and 767.
13
Calculate the highest common divisor of 19 and 45581.
19
Calculate the greatest common divisor of 1333 and 86.
43
What is the greatest common divisor of 2 and 108?
2
Calculate the greatest common factor of 172 and 12.
4
What is the highest common divisor of 12 and 12?
12
What is the highest common factor of 800 and 1250?
50
What is the greatest common divisor of 648 and 54?
54
What is the highest common divisor of 165 and 33?
33
Calculate the greatest common divisor of 88 and 11528.
88
Calculate the greatest common divisor of 287 and 3649.
41
What is the highest common factor of 305 and 40?
5
What is the greatest common factor of 148 and 24?
4
What is the greatest common factor of 40 and 25?
5
Calculate the greatest common divisor of 250 and 111750.
250
What is the highest common factor of 1450 and 58?
58
Calculate the greatest common divisor of 5668 and 13.
13
What is the highest common factor of 200 and 230?
10
What is the highest common divisor of 559 and 13?
13
Calculate the highest common factor of 852 and 768.
12
Calculate the highest common divisor of 11655 and 90.
45
What is the highest common divisor of 609 and 567?
21
Calculate the greatest common factor of 144 and 1719.
9
What is the highest common divisor of 40033 and 43?
43
What is the greatest common divisor of 114 and 1672?
38
Calculate the greatest common divisor of 5 and 6905.
5
Calculate the highest common factor of 1150 and 46.
46
What is the greatest common divisor of 3456 and 252?
36
Calculate the highest common divisor of 2123 and 11.
11
Calculate the greatest common divisor of 3 and 2.
1
What is the highest common divisor of 161 and 7?
7
What is the highest common factor of 2 and 3?
1
What is the greatest common factor of 138 and 11776?
46
What is the greatest common factor of 22 and 154?
22
What is the highest common factor of 148 and 14948?
148
What is the greatest common divisor of 143 and 275?
11
Calculate the highest common divisor of 22 and 11.
11
Calculate the highest common divisor of 1188 and 243.
27
What is the highest common factor of 8 and 5528?
8
What is the greatest common factor of 12 and 1353?
3
What is the highest common divisor of 8 and 2216?
8
Calculate the greatest common factor of 10873 and 415.
83
What is the greatest common divisor of 2607 and 11?
11
What is the highest common factor of 48 and 256?
16
What is the greatest common divisor of 123 and 3813?
123
Calculate the greatest common divisor of 564 and 1316.
188
Calculate the highest common divisor of 213 and 284.
71
Calculate the highest common divisor of 225 and 720.
45
Calculate the greatest common factor of 100 and 8.
4
What is the greatest common divisor of 520 and 760?
40
What is the greatest common factor of 5312 and 166?
166
What is the greatest common divisor of 106 and 9275?
53
Calculate the highest common factor of 36 and 144.
36
Calculate the highest common factor of 144 and 1692.
36
Calculate the highest common divisor of 420 and 120.
60
What is the greatest common factor of 104 and 10400?
104
What is the highest common factor of 644 and 13685?
161
What is the greatest common factor of 288 and 32?
32
Calculate the greatest commo